ivisor of 8300 and 14692?
4
What is the greatest common factor of 810716005 and 55?
55
Calculate the greatest common factor of 1116 and 16278534.
558
What is the greatest common divisor of 96 and 148089?
3
Calculate the highest common factor of 111368956 and 12464.
3116
What is the highest common factor of 8418 and 14265582?
366
What is the greatest common factor of 2893557 and 9?
3
Calculate the highest common factor of 1557 and 3043319985.
1557
Calculate the greatest common factor of 927993 and 74176.
61
What is the greatest common divisor of 4092 and 1528032?
132
What is the greatest common divisor of 317463 and 3813?
123
What is the highest common divisor of 15352 and 13582682?
3838
Calculate the highest common divisor of 27782356 and 763.
763
What is the highest common factor of 8013942 and 902?
82
Calculate the greatest common factor of 1669094448 and 2352.
2352
What is the highest common divisor of 76 and 344208218?
38
What is the highest common factor of 372 and 156849708?
372
What is the greatest common divisor of 5579588 and 267?
89
Calculate the highest common factor of 8415 and 1705.
55
What is the highest common divisor of 8895 and 36917215?
2965
Calculate the highest common factor of 127831 and 1507.
11
What is the greatest common divisor of 83578 and 203522?
638
What is the highest common factor of 1064876 and 55120?
212
What is the greatest common factor of 48 and 81345600?
48
Calculate the greatest common divisor of 464894304 and 504.
168
Calculate the highest common divisor of 169039314 and 342.
342
Calculate the highest common factor of 192 and 1319364.
12
Calculate the greatest common divisor of 608 and 3718896.
16
Calculate the greatest common divisor of 5464 and 2560.
8
Calculate the highest common divisor of 480903 and 2073571.
5171
What is the greatest common divisor of 9538 and 989558?
38
Calculate the greatest common divisor of 723672 and 2584.
152
What is the highest common divisor of 1260 and 695196360?
180
What is the greatest common factor of 86797 and 38218027?
1189
What is the highest common factor of 647910 and 200790?
2070
What is the highest common factor of 51207 and 7098?
507
What is the highest common divisor of 1664 and 192?
64
Calculate the highest common divisor of 40013008 and 2744.
2744
Calculate the greatest common factor of 143 and 1409243.
11
Calculate the greatest common divisor of 2147571 and 282.
141
Calculate the highest common factor of 56 and 292148.
4
Calculate the greatest common divisor of 1376357 and 424.
53
What is the greatest common divisor of 5864 and 12889805?
733
What is the greatest common divisor of 29925 and 141225?
525
What is the highest common factor of 15293 and 482662?
373
Calculate the highest common factor of 4305 and 819385.
1435
Calculate the highest common factor of 12720 and 152905.
265
What is the highest common divisor of 1304 and 449203876?
652
Calculate the greatest common factor of 762736 and 5150977.
2509
What is the greatest common factor of 333 and 1452339?
9
Calculate the highest common divisor of 4898 and 793634.
158
What is the greatest common factor of 1267326 and 3402?
162
What is the greatest common divisor of 279973 and 2484904?
383
What is the highest common factor of 107858 and 100495?
199
What is the greatest common divisor of 936643032 and 9?
9
What is the greatest common divisor of 2799 and 42093539?
311
What is the highest common divisor of 320 and 2089520?
80
What is the greatest common factor of 27 and 1020717?
9
What is the highest common divisor of 195 and 84798545?
65
What is the greatest common divisor of 29224 and 479414?
26
Calculate the greatest common divisor of 29 and 99483427.
29
Calculate the highest common divisor of 258379762 and 1059.
353
What is the highest common factor of 95274 and 21409?
79
Calculate the highest common divisor of 320 and 522085.
5
Calculate the highest common divisor of 9884352 and 1536.
192
What is the highest common divisor of 232074 and 4383?
9
Calculate the highest common divisor of 76 and 2219842.
2
Calculate the highest common factor of 9546828 and 384.
12
Calculate the greatest common divisor of 1369574 and 6.
2
Calculate the highest common factor of 813642 and 402.
6
What is the greatest common divisor of 2813148 and 1040?
52
Calculate the highest common factor of 135 and 3245605.
5
Calculate the highest common factor of 184 and 5204762.
46
Calculate the greatest common factor of 420 and 4662531.
3
Calculate the greatest common factor of 294547482 and 108.
54
Calculate the greatest common divisor of 35599 and 223136.
367
What is the highest common divisor of 56 and 1685377764?
28
What is the greatest common factor of 13760 and 1559712?
32
What is the greatest common factor of 3459 and 189841450?
1153
What is the highest common factor of 7436 and 6717412?
676
What is the greatest common factor of 59272 and 130035359?
7409
What is the highest common divisor of 417707 and 119?
17
What is the greatest common factor of 803880 and 1950480?
2520
Calculate the greatest common divisor of 2 and 9369104.
2
What is the highest common divisor of 7318 and 1086598594?
7318
Calculate the highest common factor of 1204011 and 283987.
2347
What is the highest common divisor of 37543 and 15396043?
3413
What is the highest common factor of 36 and 271501092?
36
What is the greatest common factor of 555152925 and 11150?
5575
What is the highest common factor of 8474613 and 1113?
21
Calculate the greatest common factor of 2520642 and 2928.
366
Calculate the greatest common divisor of 11008266 and 6.
6
Calculate the highest common divisor of 19718072 and 319.
11
Calculate the highest common divisor of 58581 and 10782216.
207
Calculate the greatest common factor of 3999 and 214551.
93
What is the highest common divisor of 10125 and 2125197?
81
Calculate the greatest common divisor of 1512 and 391518.
18
Calculate the greatest common factor of 37987795 and 31120.
1945
What is the highest common factor of 91712 and 41728?
64
Calculate the highest common divisor of 1080 and 811440.
360
Calculate the greatest common factor of 120 and 61232030.
10
What is the greatest common factor of 1320 and 138948?
12
Calculate the highest common divisor of 108 and 516220371.
27
What is the greatest common divisor of 528 and 11151261?
33
Calculate the highest common divisor of 52122623 and 1449.
161
Calculate the highest common factor of 2295 and 1566135.
135
Calculate the greatest common divisor of 52471792 and 16.
16
What is the greatest common divisor of 75980 and 656560?
580
What is the highest common factor of 273008 and 3603344?
1808
Calculate the highest common factor of 13610 and 3290.
10
What is the greatest common factor of 31697550 and 450?
450
Calculate the highest common divisor of 80963113 and 3388.
77
Calculate the highest common divisor of 37209082 and 2447.
2447
Calculate the highest common factor of 20 and 362418130.
10
Calculate the highest common factor of 1423102164 and 374.
374
What is the highest common divisor of 1240439 and 62384?
557
Calculate the greatest common divisor of 174482 and 572.
22
Calculate the highest common divisor of 1154120 and 1586.
122
Calculate the highest common factor of 26092 and 853327.
593
What is the greatest common divisor of 392957040 and 8160?
4080
Calculate the greatest common divisor of 642 and 281294547.
321
Calculate the highest common divisor of 1872 and 5312616.
24
What is the highest common divisor of 465628 and 132160?
236
Calculate the greatest common divisor of 2030 and 9138780.
70
What is the highest common factor of 294 and 316372322?
98
Calculate the greatest common divisor of 155900 and 134600.
100
What is the greatest common divisor of 2865 and 317563285?
955
What is the highest common divisor of 19736139 and 1403?
23
Calculate the highest common divisor of 65925 and 18166.
293
Calculate the greatest common factor of 4 and 19037994.
2
Calculate the highest common factor of 12 and 691904400.
12
Calculate the highest common factor of 611 and 2859809.
47
What is the highest common factor of 67306 and 2621246?
922
What is the highest common factor of 67564 and 136?
4
Calculate the greatest common divisor of 3243394 and 8302.
14
What is the greatest common divisor of 3821104 and 5